6. Let z = y - f. Is z a prime number?
False
Let s = -215 - -638. Let b = 646 - s. Is b a prime number?
True
Is -5 + 17169 - 1*(-15)/(-3) prime?
True
Suppose 0 = -t - 2*u + 80805, 2*t - 3*t - 4*u + 80803 = 0. Is t a prime number?
False
Let h = 17285 + -5916. Is h composite?
False
Is 8223/(-4)*(-56)/42 a prime number?
True
Is 517534/(-87)*(-9)/6 composite?
False
Let l = 49526 + 37256. Is l a composite number?
True
Let p = -9 + 13. Suppose v + v = -p. Is v + 4 + 129 + -4 composite?
False
Let g be (3 + 289/(-5))*5. Suppose -60*h = -66*h - 3288. Let m = g - h. Is m a composite number?
True
Let u = -7 + 8. Let z = u - -8. Is (z/18)/(2/332) composite?
False
Suppose -5*a - 5 = -3*w, 0*w = -4*w + 3*a + 14. Suppose -399 = -w*c + 3326. Is c a composite number?
True
Is (-123)/((30/(-12260))/(1/2)) a composite number?
True
Suppose 6*f = 3*f + 9. Let z be 3 - (f + 1 - 3). Is (-6297)/(-33) + z/11 composite?
False
Let z = 1051 + 1305. Let q = 4007 - z. Is q prime?
False
Let j = 14 - 11. Let d = -4 + j. Is 0 + d - (-23 - -1) a prime number?
False
Let k = 6 + -14. Let s(y) = y + 3. Let d be s(k). Let r = d - -27. Is r composite?
True
Suppose 5*o - 7536 = 11*o. Let a = o - -2177. Is a composite?
True
Let r = -20 - -21. Is -4 - -587*(r - 0) a prime number?
False
Let p(r) = r + 1. Let w be p(0). Let h(s) = 4 + w + 20*s + 5*s - 4. Is h(2) a prime number?
False
Suppose 0 = 4*a + 3*o - 834, 5*a - 3*o = 839 + 190. Let m = a - 132. Let r = m + 68. Is r prime?
False
Let d(f) = 54*f**2 + 15*f - 10. Suppose 5*h = -3*n + 16 + 19, 4*h - 28 = 3*n. Is d(h) composite?
False
Let i = -5409 + 19054. Is i prime?
False
Let c be (1 - -51)*72/(-32). Let q = c + 202. Is q a composite number?
True
Let x = 101 + 119. Let k = x - -1929. Is k composite?
True
Let g = 82 - 46. Let w be (2 - 1)/(9/g). Suppose -4*u + 1544 = 5*m, 4*u - 873 = -w*m + 667. Is u a prime number?
False
Let f be 0 - -513 - 0 - 3. Suppose 5*c + f - 1480 = 0. Let s = -117 + c. Is s a composite number?
True
Let a be (-2)/((-3366)/(-843) - 4). Suppose -4*k + 696 = 3*n, a + 589 = 5*k - 2*n. Is (77/21)/(2/k) a composite number?
True
Suppose 2*a - 22 = 394. Let s = a - 119. Is s composite?
False
Let z = 7484 + 767. Is z a composite number?
True
Let y(r) = 9*r - 5. Let p(d) = -5*d + 2. Let j(v) = 7*p(v) + 4*y(v). Let a be j(8). Suppose 3*b = 7*b + 12, a*n = b + 49. Is n composite?
False
Let w(c) = -30*c**2 + 15*c + c**3 - 3 - 31*c**2 + 52*c**2. Is w(8) prime?
True
Let o = 10432 - 5345. Let r = 8874 - o. Is r composite?
True
Let f(k) = 4736*k - 1271. Is f(5) a composite number?
False
Let x(g) = 9*g - 6. Let i be x(3). Is 5*(-4)/(-30)*i a prime number?
False
Suppose -125*n + 421936 = -109*n. Is n prime?
True
Let t(d) be the first derivative of 49*d**2/2 - 22*d + 24. Is t(9) composite?
False
Let i(v) = 12*v + 23. Let o(l) = -l**3 - 4*l**2 + 4*l + 3. Let m be o(-5). Suppose m*d - 10*d = -26. Is i(d) a prime number?
True
Let o be ((-92)/6)/((-7)/4368). Let h = o - 6155. Is h composite?
False
Suppose -r + 0*l - 2*l + 4159 = 0, 4*r - 16666 = -2*l. Is r a composite number?
True
Suppose -3*i = -4*c + 14, 10 = 3*i + 2*i. Let u(w) = 16*w**2 - w + 7. Let g be u(c). Suppose 5*z = 4*y + 1035, 15 + g = 2*z - y. Is z composite?
False
Let s(z) = 3 + 2*z**2 - 2 + 3 - 9*z + 11. Let b be 6 + (2 + 0 - 2). Is s(b) a prime number?
False
Suppose 3 = -10*k + 3. Suppose 15*x - 18*x + 4197 = k. Is x a prime number?
True
Is (-14)/4*(65484/(-63) - -2) prime?
True
Let l = 35860 - -8755. Is l prime?
False
Let u(g) = 64*g**2 + 2*g - 10*g + 11 - 22*g**2. Is u(3) a prime number?
False
Suppose 3*v + 5*q = -1254, -4*v - 4*q - 1251 = -v. Let j = v - -996. Is j composite?
True
Let p be 809*(-4 + 15/3). Let d(g) = 93*g. Let q be d(-6). Let x = q + p. Is x prime?
True
Let k = 1 + -1. Suppose -1679 - 2932 = -29*q. Suppose k*a = -a + q. Is a composite?
True
Let m(h) = -h + 5. Let b be m(0). Suppose -b + 11 = 3*f. Suppose -f*c = 4*p - 534, p - 1061 = -2*c - 2*c. Is c composite?
True
Let o(t) = t - 5. Let v be o(15). Suppose 0*k - v*k = -5510. Is k a composite number?
True
Let x(b) = -b + 4. Let u be x(-3). Suppose 3 = 2*q - u. Suppose -30 = -q*z - 0*z. Is z a prime number?
False
Let x(p) be the third derivative of 73*p**6/60 - p**5/30 + p**4/24 + p**3/6 - 14*p**2. Is x(2) a prime number?
True
Let a(z) = 7*z**2 - 2 - 8*z + 5*z**3 - 2 - 4*z**3 - 1. Let f be 63/(-14)*8/6. Is a(f) a composite number?
False
Suppose -5*q - 5*j + 167585 = -308430, 476015 = 5*q - 5*j. Is q composite?
False
Suppose -30 = -5*o + 5*w, 0*w = -2*o - w + 3. Suppose 5*d + 3*h - 2549 = 0, h - 135 + 1148 = 2*d. Suppose d = y + o*y. Is y a prime number?
True
Let o(s) = 5*s + 617. Is o(-20) composite?
True
Let f(h) = 8706*h**3 - h + 2. Let b be f(1). Suppose 4*a + 0*a - b = -3*g, -g - 8719 = -4*a. Is a prime?
True
Suppose -6*t + 8166 = -0*t. Is t composite?
False
Suppose 18*o - 85459 = 100751. Is o prime?
False
Let i(u) = u**3 - 3*u**2 - 3*u - 3. Let a be i(4). Suppose 3*d = 2*b + 27, -a = -5*b + b - 5*d. Is (-753)/b - (-6)/4 a composite number?
False
Let a(z) = -z + 1. Let k be a(-2). Is k*31 - (6 + -6) a prime number?
False
Suppose -n = 5 - 0, -1721 = 2*i + 3*n. Let s = i + 1812. Is s a prime number?
False
Let u(k) = -8*k + 9*k + k**2 - 2848*k**3 + 2 - k**2. Let o be u(-1). Suppose -3*g - 2*m = -o, g - 928 = -0*g - 5*m. Is g a composite number?
False
Is (-1)/(-4)*4*59845/5 prime?
True
Suppose -9 = -2*c - 1. Suppose w - 2*l - 196 = 0, c*w + l = -3*l + 748. Suppose 5*f + 2*p - 467 = 0, -2*f - p + w = 3*p. Is f a composite number?
True
Let n = 9657 + -5998. Is n a composite number?
False
Let k = 13 + -9. Suppose -y - y = -k. Is (-4802)/(-154) + y/(-11) a prime number?
True
Let j(w) = -10*w**3 - 2*w**2 + w + 6. Let u(r) = r**3 + 5*r**2 - 7*r - 11. Let g be u(-6). Is j(g) a composite number?
False
Suppose 0 = -2*a - 8, -3*t + 2*a = -7*t + 7884. Is t a composite number?
False
Let n(b) = -b**2 - 5*b + 4. Suppose -3*i - i - 20 = 0. Let z be n(i). Is 970*4/32*z prime?
False
Let l(x) be the third derivative of -3*x**6/4 + x**4/6 + 5*x**3/6 + 8*x**2. Let d be l(-2). Suppose z = -f + 144, -3*z - 2*f + d = 2*z. Is z prime?
False
Suppose -h - n + 1695 = 0, -2*n + 972 = h - 725. Is h a prime number?
True
Let j(k) be the third derivative of 1/40*k**6 - k**2 - 1/30*k**5 + 0*k + 0 - 1/6*k**3 - 1/8*k**4. Is j(3) prime?
True
Let m be 1*(-7580 - -3) - -2. Let g = 13820 + m. Is g a prime number?
False
Is 3834001/358 - 6/(-4) a prime number?
True
Let i = -9353 + 16914. Is i prime?
True
Suppose -z = 5*a - 27, -2*z - 2*a + 1 = -13. Suppose k = r + 3500, -z*k - 6*r + 7035 = -r. Is k prime?
False
Let f = -157 - -96. Let s = f - -2214. Is s a composite number?
False
Let f = 12 + -8. Let h = f - 0. Suppose h*b + 303 = q, -q + 133 = 3*b - 198. Is q a prime number?
False
Suppose -814 - 1276 = -2*y + 5*d, 4*y - 4190 = 5*d. Suppose 4*v - y = -46. Is v a composite number?
False
Let c(w) = -135*w + 94. Is c(-57) composite?
False
Suppose 2*y + 19 = 3*y + 4*a, -5*y - 1 = -4*a. Suppose -c = -y*i - 248, -3*c - 2*i + 121 + 634 = 0. Is c composite?
False
Suppose 2*m - 11471 = -2*w + 3*w, 4*w = -5*m + 28697. Is m composite?
False
Suppose 4*v + 99 = 5*i - 206, 4*v = -i + 37. Let t = i - -58. Is t a composite number?
True
Suppose -36*s + 383201 + 217027 = 0. Is s prime?
True
Let q(s) = s**2 + 2*s - 1. Let l be q(-3). Suppose 0 = l*o - 0*o - 6. Suppose -5*y + o*y + 278 = 0. Is y prime?
True
Suppose -48*o + 36 = -45*o. Suppose -o*c = -c - 5269. Is c a prime number?
True
Let o be 986/22 - ((-384)/(-66) + -6). Let n(x) = -x**3 + 4*x**2 - 3*x + 6. Let a be n(4). Let q = o + a. Is q prime?
False
Let y = 62 + 65. Let d = y + -50. Is d a composite number?
True
Let v = 7711 + 322. Is v prime?
False
Let z = 9 + -6. Suppose z*o - 10 = -2*o, -l + 3*o - 3 = 0. Is 409 + -2 + l + -1 composite?
False
Is (5 + (0 - -5))/((-4)/(-9946)) a prime number?
False
Let a(n) be the second derivative of n**4/12 - n**3/6 + 739*n**2/2 + 38*n. Is a(0) a composite number?
False
Let u(b) be the second derivative of 2*b**4/3 + 3*b**3 - b**2/2 - 6*b. Is u(13) prime?
False
Let g be (-9)/(-3) - (1 - 64). Let y be (-2784)/g + (-4)/(-22). Is y/70*-5*83 prime?
False
Let u(x) = -x**3 + 13*x**2 - 11*x - 8. Let s be u(12). Suppose s*z + 26 - 10 = 0, 3*f + 3*z - 1575 = 0. Is f a co